35
Evaluate 0 - -4 - (34 - ((-6 - -19) + -31 + 13)).
-35
What is -74 + 0 - (-2676 + 2671)?
-69
Calculate 8 + (28 - 15) + -2 + -28.
-9
-14 - (-3 - (2 + (7 - 2 - 6)))
-10
What is -22 + 15 - (-9 + (17 - 18))?
3
What is -7 - -12 - (-54 - (2 + 1 + 0) - 6)?
68
Calculate -1 + (-5 - -3) + -19 + -57 + 26.
-53
41 + (-185 - -55) - -140
51
Evaluate (-2 + 10 - (-90 + 83)) + -5.
10
Calculate 0 - 2 - (-72 + 24 - -40) - -20.
26
What is -1 - (19 - 4 - (170 - 74))?
80
Evaluate 15 + -34 - (83 + 7 + -39).
-70
Evaluate (-33 - (-34 - -11)) + -27 + -1.
-38
What is the value of 5283 + -5222 + (-4 - 115)?
-58
Evaluate (1546 + -1538 - (-4 - -1)) + 31.
42
-92 + 113 + -36 + 3 + 0 + -18
-30
Evaluate 20 - (51 - 47 - -42).
-26
What is -13 + -83 + 3 - -52?
-41
What is -50 - ((-36 - -68) + (-25 - -8))?
-65
Calculate -1 + -21 + 17 - (2 - (18 + -9) - -80).
-78
Calculate 27 - ((-3 - 28) + 84).
-26
Calculate 2 + -79 + 102 + -44.
-19
What is the value of 34 - (99 + -38 + 7)?
-34
Calculate 79 + -82 - ((0 - -4) + 1) - 12.
-20
1 - -56 - (1017 - 957)
-3
8 - (10 - (7 - (-1 + -1 + -3 - -9)))
1
Calculate (19 - 0) + (436 - 453).
2
112 + (-111 - -87) - 89
-1
What is the value of (-19 - -23 - -32) + 17?
53
What is -32 + (-12 - (-24 - -5)) + 5 - 79?
-99
Evaluate 148 - 1 - (2077 + -1967).
37
Calculate (1 - -2) + (-176 + 113 - (0 + -24)).
-36
-33 + -59 + (192 - 76)
24
Evaluate -113 - -26 - (-224 + 115).
22
Evaluate (-12 - (-116 - (12 + (-32 - -2)))) + -19.
67
Evaluate -21 - 1 - (-67 - (-196 + 73)).
-78
Calculate 4 - (24 + (-66 - -65)).
-19
Evaluate 35 + 0 + (28 + 11 + -84 - -54).
44
-6 - 21 - -5 - (-95 + 93)
-20
Calculate -52 + 20 + (-4 - -5) + -6.
-37
(2 + 1 - (-5 - -18)) + 40 + -48 + 14
-4
What is the value of 1 - (-11 + 107 + (-16 - -6)) - -12?
-73
Evaluate -12 + 33 - 21 - 25 - 8.
-33
Calculate (34 - ((4 - -13) + -6) - 1) + -2.
20
What is 0 - (11 + -6 + -54 + 25)?
24
What is (25 - 0) + -3 - (242 - 237)?
17
(0 - (-3 - -1)) + 1221 + -1198
25
-23 - ((-50 - -30) + 19 - (1 + 1))
-20
What is -4 + (-3 - 45) + 26?
-26
(-3377 - -3366) + 0 + (-1 - 0 - (0 + 105))
-117
What is 8 + 2 + 0 - (-656 + 668) - (13 - 0)?
-15
What is the value of -60 - (3 - (-17 + 21 + (5 - -3 - -2)))?
-49
What is 2 - (54 - 48) - 31?
-35
What is (-4 - 1) + (-8 - 0) - -17 - -19?
23
What is (-17 - (9 + -19)) + (-10 + 5 + -5 - -13)?
-4
What is 0 + -46 + 7 - (27 - (-49 + 66))?
-49
Calculate (-34 - 3) + 30 - 8.
-15
What is (-49 + 18 - -70) + -40?
-1
Calculate -69 + (-41 - (-26 - 60)).
-24
What is the value of 124 + 1 - (7 - -69)?
49
-11 - -10 - -15 - 24
-10
Evaluate 33 + (33 - 12) + 2.
56
Calculate ((-8 - -20) + 29 - 42) + (-1 - -11).
9
What is 0 + 21 - 1 - (-2236 - -2161)?
95
16 - (-17 - (-5 - -28))
56
Calculate 15 + -6 + 5 + (-58 - -57) + -122.
-109
11 - ((-5 - ((16 - 24) + 27)) + 5)
30
Calculate 1 - -11 - (-86 - -112) - -11.
-3
Evaluate (-2 - 11) + 41 + 10 + -25 - 54.
-41
Calculate 75 + 1 - (1 - 2 - -25).
52
Calculate (1 - -1) + (6 - (10 - (3 + -4 - -9))).
6
Calculate (40 - 23) + -14 + (-1 - -31 - 4).
29
Evaluate -2 + -6 + 21 - (4 + 46 + 6).
-43
What is 86 - (-32 + (108 - 16))?
26
Calculate (-16 - ((3 - 31) + 12)) + 64 + (7 - -4).
75
What is the value of 5 + (-7 + 3 + 0 - (-13 - -47)) - 2?
-35
What is -9 + (10 - -26) + (10 - (20 - 14))?
31
12 - (63 - (6 - (28 + -14 - 1)))
-58
What is (820 + -831 - (-1 - -15)) + 30?
5
(39 - (33 + 87)) + 72
-9
Evaluate -24 + 187 + -211 + 2 + 17.
-29
What is the value of -20 + (-7 - (33 + (4 - 24)))?
-40
What is 9 + (3 - 3) + -66 + 7 + 4 + 3?
-43
(-2 - (-10 - (-24 - -14)) - -11) + 0 + -18
-9
Evaluate ((2 - 2) + -3 - -1) + -1 + (-2143 - -2180).
34
-61 + 51 + (-9 - (10 - (-6 + 11 - -14)))
-10
What is 25 - (21 + (1 - (5 - (-4 + -2)))) - -7?
21
(-2 - 30) + 105 + -124 + 4
-47
Evaluate 61 + -76 + (-1 - -1 - -53 - 1).
37
What is the value of -6 + -5 + (-1 - 8 - (-24 - -67))?
-63
Calculate -35 - (-1 - 1 - (49 - (76 - 34))).
-26
Evaluate 46 + -36 + -14 - 28.
-32
What is the value of 1 - 27 - (1013 - 1099) - 8?
52
What is 75 - (-85 - -177) - (0 + 14)?
-31
Calculate -2316 + 2269 + 0 + -1 + -1 + -1.
-50
What is the value of 3 - (22 - 40) - (1 + -12 + 2)?
30
What is 36 + -13 - (-3 + 77 + 34)?
-85
What is the value of 36 + 24 + 47 + -13 + (0 - 23)?
71
What is 10 + -3 + -3 + -18 + -3 + -11 + 18?
-10
-4 + (3 + 6 - (2 - (56 - (13 - 14))))
60
Calculate (-19 - -10) + -1 + (-2 - -1) + (-14 - -11).
-14
Calculate 2 + -16 + 5 - (5 + (13 - 35)) - 34.
-26
What is 1 + 2 + ((4 - 20) + -11 - -190 - 22)?
144
What is (-6 - (-6 + 9)) + (-81 - -144)?
54
2 + 6 + 0 + (-19 - (-4 + -2)) + -58
-63
Evaluate -3 - 48 - ((-1 - -5) + (-16 - -3 - -16)).
-58
-14 - (13 + -49 + -28 + 17)
33
What is -14 - ((67 - 63) + (-9 + 11 - 4) + -52)?
36
Evaluate -3 + -45 + 657 + -622.
-13
What is the value of (36 + -39 - 12) + (-24 - -13)?
-26
Evaluate 18 - (1 - 20) - -8.
45
-3 + (-17 - -25 - (-1 - 1)) + -6 + -46
-45
Evaluate 2467 - 2517 - (-107 - 0).
57
What is -10 + 2 - (-86 + (8 - -74))?
-4
Evaluate -294 + 288 + (2 - -2 - (27 + -1)).
-28
4 + -4 + 6 + (-43 - -24) + 29
16
(2 + -1 - (-67 + 65 - (-10 - -2))) + 18
13
3636 + -3612 - ((4 - -35) + 2)
-17
Evaluate -47 + (-4 - -6) + 0 + -3 + -12 + 4.
-56
(-39 - (-26 + -3)) + (-3 - (-1 - 3))
-9
What is the value of (1 - 20 - -12 - (-4 - (-5 + 3))) + 14?
9
What is the value of 10 - (-4 - ((3 + 34 - 15) + -6))?
30
Calculate -3 + (5 - (15 + -5) - (-1 - -5) - -60).
48
What is the value of (0 - 2) + -20 + (95 - 107) - -1?
-33
4 - (-13 + 1 - (-80 + (154 - 103)))
-13
22 + -36 + 4 - ((3 - -3) + -70)
54
What is -4 + 5 - (-61 + 2 + (2 - -7))?
51
Calculate -13 + -1 + 18 + 23 + -6.
21
Calculate 38 - 1 - ((25 - 5) + -19 - -18 - 8).
26
Evaluate (-5 - 108) + (-42 - (11 + -62)).
-104
Calculate 105 + (-18 - (6 - (30 + 6 + -13))).
104
Calculate 4 - (-10 - 58 - ((7 - 13) + 12)).
78
What is 7 - 37 - (11 + (-1 - 1)) - -13?
-26
29 - (5 - 2) - (-27 + 26 + 15 + 0)
12
Calculate 12 + 13 - ((147 - (38 + -13)) + -7).
-90
Calculate -10 + -3 + (3 - -4 - 0) - -12 - -64.
70
What is the value of -44 + -1 + 1265 + -1260?
-40
Evaluate 1 + 32 + -2297 + 2259 + (-1 - 0 - 10).
-16
Calculate 13 - (-6 + (-19 + 3 - (-18 + 26))).
43
What is the value of (12 - 0) + (1 + 84 - (-163 - -175))?
85
What is the value of 2 - ((179 - 173) + -3 + 1 + -16)?
14
16 + (-68 + (-11 - -3) - (4 + -21))
-43
What is -551 + 564 - (-2 - -71)?
-56
Calculate -78 - -68 - -73 - 111.
-48
Evaluate 2 + -9 + (-11 - -17) + 33.
32
-10 + 5 - (-4 + 11) - (4 - -16) - 14
-46
Evaluate -192 + (99 - 198 - -215).
-76
What is 33 + -34 - -38 - (17 - -66)?
-46
What is the value of (2 - (69 - -2)) + (24 - (24 + (-11 - -1)))?
-59
What is 22 - ((-2 - 0 - 0) + (-346 - -351) + -11)?
30
Calculate -16 - (28 + -6 - 53) - 58.
-43
What is 4 + (0 + -2 - 3) + (-362 - -382)?
19
Calculate -132 + 21 + (-5 - (-6 + 9)) + 0.
-119
What is (-340 - -266) + 15 + 2 + 5?
-52
What is the value of 39 + (-44 - (-37 + 29))?
3
Calculate 21 - (64 + -32 + -17 + (6 - 80)).
80
Calculate (-95 - (-67 + 19)) + -1.
-48
What is 11 + (-18 - -8 - 58) + (-16 - -24)?
-49
What is the value of -23 + (9 - -3) - -18 - (-5 - -3 - -53)?
-44
What is 7 + (11 - (-75 + 86 + 0 + -3)) + -37?
-27
(6 - -17) + -28 + 13 - ((3 - -13) + 3)
-11
Evaluate 55 + (9 + 6 + -20 - 14).
36
Evaluate -41 + (-42 - -63) + 2 + -86.
-104
What is the value of -205 + 71 + 88 - 40?
-86
What is the value of -97 + -27 + 26 + 191?
93
What is the value of 11 - ((-126 - (-231 + 116)) + (1 - -126))?
-105
What is -149 - -34 - -165 - (6 + 1)?
43
Calculate -4 - (-16 + (-3 - 12)) - 19.
8
Calculate -47 - (-48 - -6 - -17).
-22
Calculate -2574 - -2499 - (0 + -43).
-32
What is 15 - (14 - (13 + -18 - 0)) - (-20 - -4)?
12
What is the value of 20 + (-9 + (18 - 5) - 36)?
-12
-48 + (93 - 49) + -10
-14
What is the value of 12 - (53 - 52) - (-3 + 11)?
3
What is the value of (-38 - -28) + (-6 - -8) + -6 + -107?
-121
What is the value of 4 + 0 + 2300 + -2308 - (-85 + -1)?
82
Evaluate 68 + -63 + 50 - 71.
-16
Calculate (-1 + -1 - -8) + (-7318 - -7269).
-43
Evaluate -36 - (43 + -46) - (-10 - (-2 + 2 + 0)).
-23
What is the value of (22 - (0 + (0 - (-13 - -17)))) + 12?
38
What is (7 - 46) + (14 + -8 - (4 + 3))?
-40
(-15 - (-1 - 15)) + (-11 - -10 - -8) - -22
30
What is -20 + 42 + -5 - 65?
-48
122 - 116 - (2 + (-27 - -14))
17
Calculate 32 + (-10 + 0 + -6 - -7) + -14.
9
What is 45 - (114 + 34 + -44)?
